{"id":43,"date":"2019-07-25T00:52:35","date_gmt":"2019-07-25T00:52:35","guid":{"rendered":"http:\/\/estudiopatagon.com\/themes\/wordpress\/veenv2\/?page_id=43"},"modified":"2022-02-14T20:05:55","modified_gmt":"2022-02-14T20:05:55","slug":"contactos","status":"publish","type":"page","link":"https:\/\/forestfireprotection.com\/pt\/contactos\/","title":{"rendered":"Contactos"},"content":{"rendered":"\n<p>L4Y Learning For Youth GmbH \u00e9 o coordenador do &#8220;<strong>Training for self-protection against forest firees in rural areas<\/strong>&#8221; com o n\u00famero de projecto <strong>2021-1-DE02-KA220-ADU-000028430<\/strong>.<\/p>\n\n\n\n<div class=\"wp-block-media-text alignwide is-stacked-on-mobile\" style=\"grid-template-columns:18% auto\"><figure class=\"wp-block-media-text__media\"><a href=\"https:\/\/learningforyouth.com\" target=\"_blank\" rel=\"noopener\"><img decoding=\"async\" width=\"484\" height=\"312\" src=\"https:\/\/forestfireprotection.com\/pt\/wp-content\/themes\/veen\/assets\/images\/transparent.gif\" data-lazy=\"true\" data-src=\"https:\/\/forestfireprotection.com\/pt\/wp-content\/uploads\/2022\/01\/logo-SPEL.png\" alt=\"\" class=\"wp-image-716 size-full\" data-srcset=\"https:\/\/forestfireprotection.com\/pt\/wp-content\/uploads\/2022\/01\/logo-SPEL.png 484w, https:\/\/forestfireprotection.com\/pt\/wp-content\/uploads\/2022\/01\/logo-SPEL-300x193.png 300w, https:\/\/forestfireprotection.com\/pt\/wp-content\/uploads\/2022\/01\/logo-SPEL-100x64.png 100w\" data-sizes=\"(max-width: 484px) 100vw, 484px\" \/><\/a><\/figure><div class=\"wp-block-media-text__content\">\n<p>A SPEL \u2013 Sociedade Promotora de Estabelecimentos de Ensino Lda<br>Rua 21 n\u00ba769, 4500-141, Espinho \/ Portugal<br><strong>+351<\/strong> <strong>22 733 0430 <\/strong><br><a href=\"https:\/\/learningforyouth.com\" target=\"_blank\" rel=\"noreferrer noopener nofollow\"><meta charset=\"utf-8\"><\/a><a href=\"https:\/\/spel.com.pt\/\" target=\"_blank\" rel=\"noreferrer noopener nofollow\">Web<\/a> &#8211; <a href=\"https:\/\/www.facebook.com\/SPEL1990\/\" target=\"_blank\" rel=\"noreferrer noopener nofollow\">Facebook<\/a><\/p>\n<\/div><\/div>\n\n\n\n<div class=\"wp-block-media-text alignwide is-stacked-on-mobile\" style=\"grid-template-columns:18% auto\"><figure class=\"wp-block-media-text__media\"><a href=\"https:\/\/learningforyouth.com\" target=\"_blank\" rel=\"noopener\"><img decoding=\"async\" width=\"1024\" height=\"447\" src=\"https:\/\/forestfireprotection.com\/pt\/wp-content\/themes\/veen\/assets\/images\/transparent.gif\" data-lazy=\"true\" data-src=\"https:\/\/forestfireprotection.com\/pt\/wp-content\/uploads\/2022\/01\/EPROFCOR-LOGO-1024x447.png\" alt=\"\" class=\"wp-image-717 size-full\" data-srcset=\"https:\/\/forestfireprotection.com\/pt\/wp-content\/uploads\/2022\/01\/EPROFCOR-LOGO-1024x447.png 1024w, https:\/\/forestfireprotection.com\/pt\/wp-content\/uploads\/2022\/01\/EPROFCOR-LOGO-300x131.png 300w, https:\/\/forestfireprotection.com\/pt\/wp-content\/uploads\/2022\/01\/EPROFCOR-LOGO-768x335.png 768w, https:\/\/forestfireprotection.com\/pt\/wp-content\/uploads\/2022\/01\/EPROFCOR-LOGO-100x44.png 100w, https:\/\/forestfireprotection.com\/pt\/wp-content\/uploads\/2022\/01\/EPROFCOR-LOGO-700x306.png 700w, https:\/\/forestfireprotection.com\/pt\/wp-content\/uploads\/2022\/01\/EPROFCOR-LOGO.png 1054w\" data-sizes=\"(max-width: 1024px) 100vw, 1024px\" \/><\/a><\/figure><div class=\"wp-block-media-text__content\">\n<p><meta charset=\"utf-8\">Escola Profissional de Cortega\u00e7a<br>Rua da Escola, Apartado 73, <br>3886-908 Cortega\u00e7a \/ Portugal<br><strong>+351 256 750 930 <\/strong><br><a href=\"https:\/\/learningforyouth.com\" target=\"_blank\" rel=\"noreferrer noopener nofollow\"><meta charset=\"utf-8\"><\/a><a href=\"https:\/\/eprofcor.com\/\" target=\"_blank\" rel=\"noreferrer noopener nofollow\">Web<\/a> &#8211; <a href=\"https:\/\/www.facebook.com\/escolaprofissionaldecortegaca\/\" target=\"_blank\" rel=\"noreferrer noopener nofollow\">Facebook<\/a> &#8211; <a href=\"https:\/\/www.instagram.com\/instaeprofcor\/\" target=\"_blank\" rel=\"noreferrer noopener nofollow\">Instagram<\/a><\/p>\n<\/div><\/div>\n\n\n\n<div class=\"wp-block-media-text alignwide is-stacked-on-mobile\"><figure class=\"wp-block-media-text__media\"><img decoding=\"async\" width=\"1024\" height=\"183\" src=\"https:\/\/forestfireprotection.com\/pt\/wp-content\/themes\/veen\/assets\/images\/transparent.gif\" data-lazy=\"true\" data-src=\"https:\/\/forestfireprotection.com\/pt\/wp-content\/uploads\/2021\/11\/PT-Cofinanciado-pela-Unia\u0303o-Europeia_POS-1024x183.png\" alt=\"\" class=\"wp-image-759 size-full\" data-srcset=\"https:\/\/forestfireprotection.com\/pt\/wp-content\/uploads\/2021\/11\/PT-Cofinanciado-pela-Unia\u0303o-Europeia_POS-1024x183.png 1024w, https:\/\/forestfireprotection.com\/pt\/wp-content\/uploads\/2021\/11\/PT-Cofinanciado-pela-Unia\u0303o-Europeia_POS-300x54.png 300w, https:\/\/forestfireprotection.com\/pt\/wp-content\/uploads\/2021\/11\/PT-Cofinanciado-pela-Unia\u0303o-Europeia_POS-768x137.png 768w, https:\/\/forestfireprotection.com\/pt\/wp-content\/uploads\/2021\/11\/PT-Cofinanciado-pela-Unia\u0303o-Europeia_POS-1536x275.png 1536w, https:\/\/forestfireprotection.com\/pt\/wp-content\/uploads\/2021\/11\/PT-Cofinanciado-pela-Unia\u0303o-Europeia_POS-2048x366.png 2048w, https:\/\/forestfireprotection.com\/pt\/wp-content\/uploads\/2021\/11\/PT-Cofinanciado-pela-Unia\u0303o-Europeia_POS-100x18.png 100w, https:\/\/forestfireprotection.com\/pt\/wp-content\/uploads\/2021\/11\/PT-Cofinanciado-pela-Unia\u0303o-Europeia_POS-700x125.png 700w, https:\/\/forestfireprotection.com\/pt\/wp-content\/uploads\/2021\/11\/PT-Cofinanciado-pela-Unia\u0303o-Europeia_POS-1600x286.png 1600w\" data-sizes=\"(max-width: 1024px) 100vw, 1024px\" \/><\/figure><div class=\"wp-block-media-text__content\">\n<blockquote class=\"wp-block-quote is-layout-flow wp-block-quote-is-layout-flow\"><p>A produ\u00e7\u00e3o deste conte\u00fado reflete unicamente o ponto de vista dos autores, e a Comiss\u00e3o n\u00e3o pode ser considerada respons\u00e1vel por eventuais utiliza\u00e7\u00f5es que possam ser feitas com as informa\u00e7\u00f5es nela contidas.<\/p><cite><a href=\"https:\/\/erasmus-plus.ec.europa.eu\/\" target=\"_blank\" rel=\"noreferrer noopener\">Erasmus+<\/a><\/cite><\/blockquote>\n<\/div><\/div>\n","protected":false},"excerpt":{"rendered":"<p>L4Y Learning For Youth GmbH \u00e9 o coordenador do &#8220;Training for self-protection against forest firees in rural areas&#8221; com o n\u00famero de projecto 2021-1-DE02-KA220-ADU-000028430. A&#8230;<\/p>\n","protected":false},"author":1,"featured_media":0,"parent":0,"menu_order":0,"comment_status":"closed","ping_status":"closed","template":"page-templates\/page-fullwidth.php","meta":{"footnotes":""},"class_list":["post-43","page","type-page","status-publish","hentry"],"yoast_head":"<!-- This site is optimized with the Yoast SEO plugin v21.7 - https:\/\/yoast.com\/wordpress\/plugins\/seo\/ -->\n<title>Contactos - Prote\u00e7\u00e3o contra inc\u00eandios florestais<\/title>\n<meta name=\"robots\" content=\"index, follow, max-snippet:-1, max-image-preview:large, max-video-preview:-1\" \/>\n<link rel=\"canonical\" href=\"https:\/\/forestfireprotection.com\/pt\/contactos\/\" \/>\n<meta property=\"og:locale\" content=\"pt_PT\" \/>\n<meta property=\"og:type\" content=\"article\" \/>\n<meta property=\"og:title\" content=\"Contactos - Prote\u00e7\u00e3o contra inc\u00eandios florestais\" \/>\n<meta property=\"og:description\" content=\"L4Y Learning For Youth GmbH \u00e9 o coordenador do &#8220;Training for self-protection against forest firees in rural areas&#8221; com o n\u00famero de projecto 2021-1-DE02-KA220-ADU-000028430. A...\" \/>\n<meta property=\"og:url\" content=\"https:\/\/forestfireprotection.com\/pt\/contactos\/\" \/>\n<meta property=\"og:site_name\" content=\"Prote\u00e7\u00e3o contra inc\u00eandios florestais\" \/>\n<meta property=\"article:modified_time\" content=\"2022-02-14T20:05:55+00:00\" \/>\n<meta property=\"og:image\" content=\"https:\/\/forestfireprotection.com\/pt\/wp-content\/uploads\/2022\/01\/logo-SPEL.png\" \/>\n<meta name=\"twitter:card\" content=\"summary_large_image\" \/>\n<meta name=\"twitter:label1\" content=\"Tempo estimado de leitura\" \/>\n\t<meta name=\"twitter:data1\" content=\"2 minutos\" \/>\n<script type=\"application\/ld+json\" class=\"yoast-schema-graph\">{\"@context\":\"https:\/\/schema.org\",\"@graph\":[{\"@type\":\"WebPage\",\"@id\":\"https:\/\/forestfireprotection.com\/pt\/contactos\/\",\"url\":\"https:\/\/forestfireprotection.com\/pt\/contactos\/\",\"name\":\"Contactos - Prote\u00e7\u00e3o contra inc\u00eandios florestais\",\"isPartOf\":{\"@id\":\"https:\/\/forestfireprotection.com\/pt\/#website\"},\"datePublished\":\"2019-07-25T00:52:35+00:00\",\"dateModified\":\"2022-02-14T20:05:55+00:00\",\"breadcrumb\":{\"@id\":\"https:\/\/forestfireprotection.com\/pt\/contactos\/#breadcrumb\"},\"inLanguage\":\"pt-PT\",\"potentialAction\":[{\"@type\":\"ReadAction\",\"target\":[\"https:\/\/forestfireprotection.com\/pt\/contactos\/\"]}]},{\"@type\":\"BreadcrumbList\",\"@id\":\"https:\/\/forestfireprotection.com\/pt\/contactos\/#breadcrumb\",\"itemListElement\":[{\"@type\":\"ListItem\",\"position\":1,\"name\":\"Home\",\"item\":\"https:\/\/forestfireprotection.com\/pt\/\"},{\"@type\":\"ListItem\",\"position\":2,\"name\":\"Contactos\"}]},{\"@type\":\"WebSite\",\"@id\":\"https:\/\/forestfireprotection.com\/pt\/#website\",\"url\":\"https:\/\/forestfireprotection.com\/pt\/\",\"name\":\"Prote\u00e7\u00e3o contra inc\u00eandios florestais\",\"description\":\"Autoprote\u00e7\u00e3o contra inc\u00eandios florestais\",\"potentialAction\":[{\"@type\":\"SearchAction\",\"target\":{\"@type\":\"EntryPoint\",\"urlTemplate\":\"https:\/\/forestfireprotection.com\/pt\/?s={search_term_string}\"},\"query-input\":\"required name=search_term_string\"}],\"inLanguage\":\"pt-PT\"}]}<\/script>\n<!-- \/ Yoast SEO plugin. -->","yoast_head_json":{"title":"Contactos - Prote\u00e7\u00e3o contra inc\u00eandios florestais","robots":{"index":"index","follow":"follow","max-snippet":"max-snippet:-1","max-image-preview":"max-image-preview:large","max-video-preview":"max-video-preview:-1"},"canonical":"https:\/\/forestfireprotection.com\/pt\/contactos\/","og_locale":"pt_PT","og_type":"article","og_title":"Contactos - Prote\u00e7\u00e3o contra inc\u00eandios florestais","og_description":"L4Y Learning For Youth GmbH \u00e9 o coordenador do &#8220;Training for self-protection against forest firees in rural areas&#8221; com o n\u00famero de projecto 2021-1-DE02-KA220-ADU-000028430. A...","og_url":"https:\/\/forestfireprotection.com\/pt\/contactos\/","og_site_name":"Prote\u00e7\u00e3o contra inc\u00eandios florestais","article_modified_time":"2022-02-14T20:05:55+00:00","og_image":[{"url":"https:\/\/forestfireprotection.com\/pt\/wp-content\/uploads\/2022\/01\/logo-SPEL.png"}],"twitter_card":"summary_large_image","twitter_misc":{"Tempo estimado de leitura":"2 minutos"},"schema":{"@context":"https:\/\/schema.org","@graph":[{"@type":"WebPage","@id":"https:\/\/forestfireprotection.com\/pt\/contactos\/","url":"https:\/\/forestfireprotection.com\/pt\/contactos\/","name":"Contactos - Prote\u00e7\u00e3o contra inc\u00eandios florestais","isPartOf":{"@id":"https:\/\/forestfireprotection.com\/pt\/#website"},"datePublished":"2019-07-25T00:52:35+00:00","dateModified":"2022-02-14T20:05:55+00:00","breadcrumb":{"@id":"https:\/\/forestfireprotection.com\/pt\/contactos\/#breadcrumb"},"inLanguage":"pt-PT","potentialAction":[{"@type":"ReadAction","target":["https:\/\/forestfireprotection.com\/pt\/contactos\/"]}]},{"@type":"BreadcrumbList","@id":"https:\/\/forestfireprotection.com\/pt\/contactos\/#breadcrumb","itemListElement":[{"@type":"ListItem","position":1,"name":"Home","item":"https:\/\/forestfireprotection.com\/pt\/"},{"@type":"ListItem","position":2,"name":"Contactos"}]},{"@type":"WebSite","@id":"https:\/\/forestfireprotection.com\/pt\/#website","url":"https:\/\/forestfireprotection.com\/pt\/","name":"Prote\u00e7\u00e3o contra inc\u00eandios florestais","description":"Autoprote\u00e7\u00e3o contra inc\u00eandios florestais","potentialAction":[{"@type":"SearchAction","target":{"@type":"EntryPoint","urlTemplate":"https:\/\/forestfireprotection.com\/pt\/?s={search_term_string}"},"query-input":"required name=search_term_string"}],"inLanguage":"pt-PT"}]}},"_links":{"self":[{"href":"https:\/\/forestfireprotection.com\/pt\/wp-json\/wp\/v2\/pages\/43","targetHints":{"allow":["GET"]}}],"collection":[{"href":"https:\/\/forestfireprotection.com\/pt\/wp-json\/wp\/v2\/pages"}],"about":[{"href":"https:\/\/forestfireprotection.com\/pt\/wp-json\/wp\/v2\/types\/page"}],"author":[{"embeddable":true,"href":"https:\/\/forestfireprotection.com\/pt\/wp-json\/wp\/v2\/users\/1"}],"replies":[{"embeddable":true,"href":"https:\/\/forestfireprotection.com\/pt\/wp-json\/wp\/v2\/comments?post=43"}],"version-history":[{"count":4,"href":"https:\/\/forestfireprotection.com\/pt\/wp-json\/wp\/v2\/pages\/43\/revisions"}],"predecessor-version":[{"id":761,"href":"https:\/\/forestfireprotection.com\/pt\/wp-json\/wp\/v2\/pages\/43\/revisions\/761"}],"wp:attachment":[{"href":"https:\/\/forestfireprotection.com\/pt\/wp-json\/wp\/v2\/media?parent=43"}],"curies":[{"name":"wp","href":"https:\/\/api.w.org\/{rel}","templated":true}]}}

<p>L4Y Learning For Youth GmbH é o coordenador do &#8220;<strong>Training for self-protection against forest firees in rural areas</strong>&#8221; com o número de projecto <strong>2021-1-DE02-KA220-ADU-000028430</strong>.</p>



<div class="wp-block-media-text alignwide is-stacked-on-mobile" style="grid-template-columns:18% auto"><figure class="wp-block-media-text__media"><a href="https://learningforyouth.com" target="_blank" rel="noopener"><img decoding="async" width="484" height="312" src="https://forestfireprotection.com/pt/wp-content/themes/veen/assets/images/transparent.gif" data-lazy="true" data-src="https://forestfireprotection.com/pt/wp-content/uploads/2022/01/logo-SPEL.png" alt="" class="wp-image-716 size-full" data-srcset="https://forestfireprotection.com/pt/wp-content/uploads/2022/01/logo-SPEL.png 484w, https://forestfireprotection.com/pt/wp-content/uploads/2022/01/logo-SPEL-300x193.png 300w, https://forestfireprotection.com/pt/wp-content/uploads/2022/01/logo-SPEL-100x64.png 100w" data-sizes="(max-width: 484px) 100vw, 484px" /></a></figure><div class="wp-block-media-text__content">
<p>A SPEL – Sociedade Promotora de Estabelecimentos de Ensino Lda<br>Rua 21 nº769, 4500-141, Espinho / Portugal<br><strong>+351</strong> <strong>22 733 0430 </strong><br><a href="https://learningforyouth.com" target="_blank" rel="noreferrer noopener nofollow"><meta charset="utf-8"></a><a href="https://spel.com.pt/" target="_blank" rel="noreferrer noopener nofollow">Web</a> &#8211; <a href="https://www.facebook.com/SPEL1990/" target="_blank" rel="noreferrer noopener nofollow">Facebook</a></p>
</div></div>



<div class="wp-block-media-text alignwide is-stacked-on-mobile" style="grid-template-columns:18% auto"><figure class="wp-block-media-text__media"><a href="https://learningforyouth.com" target="_blank" rel="noopener"><img decoding="async" width="1024" height="447" src="https://forestfireprotection.com/pt/wp-content/themes/veen/assets/images/transparent.gif" data-lazy="true" data-src="https://forestfireprotection.com/pt/wp-content/uploads/2022/01/EPROFCOR-LOGO-1024x447.png" alt="" class="wp-image-717 size-full" data-srcset="https://forestfireprotection.com/pt/wp-content/uploads/2022/01/EPROFCOR-LOGO-1024x447.png 1024w, https://forestfireprotection.com/pt/wp-content/uploads/2022/01/EPROFCOR-LOGO-300x131.png 300w, https://forestfireprotection.com/pt/wp-content/uploads/2022/01/EPROFCOR-LOGO-768x335.png 768w, https://forestfireprotection.com/pt/wp-content/uploads/2022/01/EPROFCOR-LOGO-100x44.png 100w, https://forestfireprotection.com/pt/wp-content/uploads/2022/01/EPROFCOR-LOGO-700x306.png 700w, https://forestfireprotection.com/pt/wp-content/uploads/2022/01/EPROFCOR-LOGO.png 1054w" data-sizes="(max-width: 1024px) 100vw, 1024px" /></a></figure><div class="wp-block-media-text__content">
<p><meta charset="utf-8">Escola Profissional de Cortegaça<br>Rua da Escola, Apartado 73, <br>3886-908 Cortegaça / Portugal<br><strong>+351 256 750 930 </strong><br><a href="https://learningforyouth.com" target="_blank" rel="noreferrer noopener nofollow"><meta charset="utf-8"></a><a href="https://eprofcor.com/" target="_blank" rel="noreferrer noopener nofollow">Web</a> &#8211; <a href="https://www.facebook.com/escolaprofissionaldecortegaca/" target="_blank" rel="noreferrer noopener nofollow">Facebook</a> &#8211; <a href="https://www.instagram.com/instaeprofcor/" target="_blank" rel="noreferrer noopener nofollow">Instagram</a></p>
</div></div>



<div class="wp-block-media-text alignwide is-stacked-on-mobile"><figure class="wp-block-media-text__media"><img decoding="async" width="1024" height="183" src="https://forestfireprotection.com/pt/wp-content/themes/veen/assets/images/transparent.gif" data-lazy="true" data-src="https://forestfireprotection.com/pt/wp-content/uploads/2021/11/PT-Cofinanciado-pela-União-Europeia_POS-1024x183.png" alt="" class="wp-image-759 size-full" data-srcset="https://forestfireprotection.com/pt/wp-content/uploads/2021/11/PT-Cofinanciado-pela-União-Europeia_POS-1024x183.png 1024w, https://forestfireprotection.com/pt/wp-content/uploads/2021/11/PT-Cofinanciado-pela-União-Europeia_POS-300x54.png 300w, https://forestfireprotection.com/pt/wp-content/uploads/2021/11/PT-Cofinanciado-pela-União-Europeia_POS-768x137.png 768w, https://forestfireprotection.com/pt/wp-content/uploads/2021/11/PT-Cofinanciado-pela-União-Europeia_POS-1536x275.png 1536w, https://forestfireprotection.com/pt/wp-content/uploads/2021/11/PT-Cofinanciado-pela-União-Europeia_POS-2048x366.png 2048w, https://forestfireprotection.com/pt/wp-content/uploads/2021/11/PT-Cofinanciado-pela-União-Europeia_POS-100x18.png 100w, https://forestfireprotection.com/pt/wp-content/uploads/2021/11/PT-Cofinanciado-pela-União-Europeia_POS-700x125.png 700w, https://forestfireprotection.com/pt/wp-content/uploads/2021/11/PT-Cofinanciado-pela-União-Europeia_POS-1600x286.png 1600w" data-sizes="(max-width: 1024px) 100vw, 1024px" /></figure><div class="wp-block-media-text__content">
<blockquote class="wp-block-quote is-layout-flow wp-block-quote-is-layout-flow"><p>A produção deste conteúdo reflete unicamente o ponto de vista dos autores, e a Comissão não pode ser considerada responsável por eventuais utilizações que possam ser feitas com as informações nela contidas.</p><cite><a href="https://erasmus-plus.ec.europa.eu/" target="_blank" rel="noreferrer noopener">Erasmus+</a></cite></blockquote>
</div></div>

<p>L4Y Learning For Youth GmbH é o coordenador do &#8220;Training for self-protection against forest firees in rural areas&#8221; com o número de projecto 2021-1-DE02-KA220-ADU-000028430. A&#8230;</p>

<!-- This site is optimized with the Yoast SEO plugin v21.7 - https://yoast.com/wordpress/plugins/seo/ -->
<title>Contactos - Proteção contra incêndios florestais</title>
<meta name="robots" content="index, follow, max-snippet:-1, max-image-preview:large, max-video-preview:-1" />
<link rel="canonical" href="https://forestfireprotection.com/pt/contactos/" />
<meta property="og:locale" content="pt_PT" />
<meta property="og:type" content="article" />
<meta property="og:title" content="Contactos - Proteção contra incêndios florestais" />
<meta property="og:description" content="L4Y Learning For Youth GmbH é o coordenador do &#8220;Training for self-protection against forest firees in rural areas&#8221; com o número de projecto 2021-1-DE02-KA220-ADU-000028430. A..." />
<meta property="og:url" content="https://forestfireprotection.com/pt/contactos/" />
<meta property="og:site_name" content="Proteção contra incêndios florestais" />
<meta property="article:modified_time" content="2022-02-14T20:05:55+00:00" />
<meta property="og:image" content="https://forestfireprotection.com/pt/wp-content/uploads/2022/01/logo-SPEL.png" />
<meta name="twitter:card" content="summary_large_image" />
<meta name="twitter:label1" content="Tempo estimado de leitura" />
	<meta name="twitter:data1" content="2 minutos" />
<script type="application/ld+json" class="yoast-schema-graph">{"@context":"https://schema.org","@graph":[{"@type":"WebPage","@id":"https://forestfireprotection.com/pt/contactos/","url":"https://forestfireprotection.com/pt/contactos/","name":"Contactos - Proteção contra incêndios florestais","isPartOf":{"@id":"https://forestfireprotection.com/pt/#website"},"datePublished":"2019-07-25T00:52:35+00:00","dateModified":"2022-02-14T20:05:55+00:00","breadcrumb":{"@id":"https://forestfireprotection.com/pt/contactos/#breadcrumb"},"inLanguage":"pt-PT","potentialAction":[{"@type":"ReadAction","target":["https://forestfireprotection.com/pt/contactos/"]}]},{"@type":"BreadcrumbList","@id":"https://forestfireprotection.com/pt/contactos/#breadcrumb","itemListElement":[{"@type":"ListItem","position":1,"name":"Home","item":"https://forestfireprotection.com/pt/"},{"@type":"ListItem","position":2,"name":"Contactos"}]},{"@type":"WebSite","@id":"https://forestfireprotection.com/pt/#website","url":"https://forestfireprotection.com/pt/","name":"Proteção contra incêndios florestais","description":"Autoproteção contra incêndios florestais","potentialAction":[{"@type":"SearchAction","target":{"@type":"EntryPoint","urlTemplate":"https://forestfireprotection.com/pt/?s={search_term_string}"},"query-input":"required name=search_term_string"}],"inLanguage":"pt-PT"}]}</script>
<!-- / Yoast SEO plugin. -->

Contactos - Proteção contra incêndios florestais

L4Y Learning For Youth GmbH é o coordenador do &#8220;Training for self-protection against forest firees in rural areas&#8221; com o número de projecto 2021-1-DE02-KA220-ADU-000028430. A...

Proteção contra incêndios florestais

Autoproteção contra incêndios florestais
