{"id":43,"date":"2019-07-25T00:52:35","date_gmt":"2019-07-25T00:52:35","guid":{"rendered":"http:\/\/estudiopatagon.com\/themes\/wordpress\/veenv2\/?page_id=43"},"modified":"2022-02-14T19:46:45","modified_gmt":"2022-02-14T19:46:45","slug":"kontakt","status":"publish","type":"page","link":"https:\/\/forestfireprotection.com\/de\/kontakt\/","title":{"rendered":"Kontakt"},"content":{"rendered":"\n<p>L4Y Learning For Youth GmbH ist der Koordinator von <strong>\u201cTraining for self-protection against forest fires in rural areas\u201d<\/strong>mit der Projektnummer&nbsp;<strong>2021-1-DE02-KA220-ADU-000028430<\/strong>.<\/p>\n\n\n\n<div class=\"wp-block-media-text alignwide is-stacked-on-mobile\" style=\"grid-template-columns:18% auto\"><figure class=\"wp-block-media-text__media\"><a href=\"http:\/\/bosev.org\/iletisim\/\" target=\"_blank\" rel=\"noopener\"><img decoding=\"async\" width=\"249\" height=\"249\" src=\"https:\/\/forestfireprotection.com\/de\/wp-content\/themes\/veen\/assets\/images\/transparent.gif\" data-lazy=\"true\" data-src=\"https:\/\/forestfireprotection.com\/de\/wp-content\/uploads\/2022\/01\/L4YBlack.png\" alt=\"\" class=\"wp-image-879 size-full\" data-srcset=\"https:\/\/forestfireprotection.com\/de\/wp-content\/uploads\/2022\/01\/L4YBlack.png 249w, https:\/\/forestfireprotection.com\/de\/wp-content\/uploads\/2022\/01\/L4YBlack-150x150.png 150w, https:\/\/forestfireprotection.com\/de\/wp-content\/uploads\/2022\/01\/L4YBlack-100x100.png 100w, https:\/\/forestfireprotection.com\/de\/wp-content\/uploads\/2022\/01\/L4YBlack-120x120.png 120w\" data-sizes=\"(max-width: 249px) 100vw, 249px\" \/><\/a><\/figure><div class=\"wp-block-media-text__content\">\n<p>L4Y Learning For Youth GmbH<br>In den Tannen 2<br>66953 Pirmasens \/ Germany<br><strong>+49 1511 967 1336<\/strong><a href=\"http:\/\/bosev.org\" target=\"_blank\" rel=\"noreferrer noopener nofollow\"><br><\/a><a href=\"https:\/\/www.linkedin.com\/in\/bosev-370341178\/\" target=\"_blank\" rel=\"noreferrer noopener nofollow\"><meta charset=\"utf-8\"><\/a><a href=\"https:\/\/learningforyouth.com\" target=\"_blank\" rel=\"noreferrer noopener nofollow\">Web<\/a> &#8211; <a href=\"https:\/\/www.facebook.com\/Learning4Youth\" target=\"_blank\" rel=\"noreferrer noopener nofollow\">Facebook<\/a> &#8211; <a href=\"https:\/\/twitter.com\/learning4youth\" target=\"_blank\" rel=\"noreferrer noopener nofollow\">Twitter<\/a> &#8211; <a href=\"https:\/\/instagram.com\/learning4youth\" target=\"_blank\" rel=\"noreferrer noopener nofollow\">Instagram<\/a> &#8211; <a href=\"https:\/\/www.youtube.com\/channel\/UCre-KOaa9c-s1M5bX6URv-g\" target=\"_blank\" rel=\"noreferrer noopener nofollow\">Youtube<\/a><\/p>\n<\/div><\/div>\n\n\n\n<div class=\"wp-block-media-text alignwide is-stacked-on-mobile\"><figure class=\"wp-block-media-text__media\"><img decoding=\"async\" width=\"1024\" height=\"215\" src=\"https:\/\/forestfireprotection.com\/de\/wp-content\/themes\/veen\/assets\/images\/transparent.gif\" data-lazy=\"true\" data-src=\"https:\/\/forestfireprotection.com\/de\/wp-content\/uploads\/2022\/02\/DE-Kofinanziert-von-der-Europ\u201eischen-Union_POS-1024x215.png\" alt=\"\" class=\"wp-image-935 size-full\" data-srcset=\"https:\/\/forestfireprotection.com\/de\/wp-content\/uploads\/2022\/02\/DE-Kofinanziert-von-der-Europ\u201eischen-Union_POS-1024x215.png 1024w, https:\/\/forestfireprotection.com\/de\/wp-content\/uploads\/2022\/02\/DE-Kofinanziert-von-der-Europ\u201eischen-Union_POS-300x63.png 300w, https:\/\/forestfireprotection.com\/de\/wp-content\/uploads\/2022\/02\/DE-Kofinanziert-von-der-Europ\u201eischen-Union_POS-768x161.png 768w, https:\/\/forestfireprotection.com\/de\/wp-content\/uploads\/2022\/02\/DE-Kofinanziert-von-der-Europ\u201eischen-Union_POS-1536x322.png 1536w, https:\/\/forestfireprotection.com\/de\/wp-content\/uploads\/2022\/02\/DE-Kofinanziert-von-der-Europ\u201eischen-Union_POS-2048x430.png 2048w, https:\/\/forestfireprotection.com\/de\/wp-content\/uploads\/2022\/02\/DE-Kofinanziert-von-der-Europ\u201eischen-Union_POS-100x21.png 100w, https:\/\/forestfireprotection.com\/de\/wp-content\/uploads\/2022\/02\/DE-Kofinanziert-von-der-Europ\u201eischen-Union_POS-700x147.png 700w, https:\/\/forestfireprotection.com\/de\/wp-content\/uploads\/2022\/02\/DE-Kofinanziert-von-der-Europ\u201eischen-Union_POS-1600x336.png 1600w\" data-sizes=\"(max-width: 1024px) 100vw, 1024px\" \/><\/figure><div class=\"wp-block-media-text__content\">\n<blockquote class=\"wp-block-quote is-layout-flow wp-block-quote-is-layout-flow\"><p>Die Unterst\u00fctzung der Europ\u00e4ischen Kommission f\u00fcr die Erstellung dieses Inhalts stellt keine Billigung des Inhalts dar, der ausschlie\u00dflich die Meinung der Autoren wiedergibt, und die Kommission kann nicht f\u00fcr die Verwendung der darin enthaltenen Informationen verantwortlich gemacht werden.<\/p><cite><a href=\"https:\/\/erasmus-plus.ec.europa.eu\/\" target=\"_blank\" rel=\"noreferrer noopener\">Erasmus+<\/a><\/cite><\/blockquote>\n<\/div><\/div>\n","protected":false},"excerpt":{"rendered":"<p>L4Y Learning For Youth GmbH ist der Koordinator von \u201cTraining for self-protection against forest fires in rural areas\u201dmit der Projektnummer&nbsp;2021-1-DE02-KA220-ADU-000028430. L4Y Learning For Youth GmbHIn&#8230;<\/p>\n","protected":false},"author":1,"featured_media":0,"parent":0,"menu_order":0,"comment_status":"closed","ping_status":"closed","template":"page-templates\/page-fullwidth.php","meta":{"footnotes":""},"class_list":["post-43","page","type-page","status-publish","hentry"],"yoast_head":"<!-- This site is optimized with the Yoast SEO plugin v22.3 - https:\/\/yoast.com\/wordpress\/plugins\/seo\/ -->\n<title>Kontakt - Waldbrandschutz<\/title>\n<meta name=\"robots\" content=\"index, follow, max-snippet:-1, max-image-preview:large, max-video-preview:-1\" \/>\n<link rel=\"canonical\" href=\"https:\/\/forestfireprotection.com\/de\/kontakt\/\" \/>\n<meta property=\"og:locale\" content=\"de_DE\" \/>\n<meta property=\"og:type\" content=\"article\" \/>\n<meta property=\"og:title\" content=\"Kontakt - Waldbrandschutz\" \/>\n<meta property=\"og:description\" content=\"L4Y Learning For Youth GmbH ist der Koordinator von \u201cTraining for self-protection against forest fires in rural areas\u201dmit der Projektnummer&nbsp;2021-1-DE02-KA220-ADU-000028430. L4Y Learning For Youth GmbHIn...\" \/>\n<meta property=\"og:url\" content=\"https:\/\/forestfireprotection.com\/de\/kontakt\/\" \/>\n<meta property=\"og:site_name\" content=\"Waldbrandschutz\" \/>\n<meta property=\"article:modified_time\" content=\"2022-02-14T19:46:45+00:00\" \/>\n<meta property=\"og:image\" content=\"https:\/\/forestfireprotection.com\/de\/wp-content\/uploads\/2022\/01\/L4YBlack.png\" \/>\n<meta name=\"twitter:card\" content=\"summary_large_image\" \/>\n<meta name=\"twitter:label1\" content=\"Gesch\u00e4tzte Lesezeit\" \/>\n\t<meta name=\"twitter:data1\" content=\"1\u00a0Minute\" \/>\n<script type=\"application\/ld+json\" class=\"yoast-schema-graph\">{\"@context\":\"https:\/\/schema.org\",\"@graph\":[{\"@type\":\"WebPage\",\"@id\":\"https:\/\/forestfireprotection.com\/de\/kontakt\/\",\"url\":\"https:\/\/forestfireprotection.com\/de\/kontakt\/\",\"name\":\"Kontakt - Waldbrandschutz\",\"isPartOf\":{\"@id\":\"https:\/\/forestfireprotection.com\/de\/#website\"},\"primaryImageOfPage\":{\"@id\":\"https:\/\/forestfireprotection.com\/de\/kontakt\/#primaryimage\"},\"image\":{\"@id\":\"https:\/\/forestfireprotection.com\/de\/kontakt\/#primaryimage\"},\"thumbnailUrl\":\"https:\/\/forestfireprotection.com\/de\/wp-content\/uploads\/2022\/01\/L4YBlack.png\",\"datePublished\":\"2019-07-25T00:52:35+00:00\",\"dateModified\":\"2022-02-14T19:46:45+00:00\",\"breadcrumb\":{\"@id\":\"https:\/\/forestfireprotection.com\/de\/kontakt\/#breadcrumb\"},\"inLanguage\":\"de\",\"potentialAction\":[{\"@type\":\"ReadAction\",\"target\":[\"https:\/\/forestfireprotection.com\/de\/kontakt\/\"]}]},{\"@type\":\"ImageObject\",\"inLanguage\":\"de\",\"@id\":\"https:\/\/forestfireprotection.com\/de\/kontakt\/#primaryimage\",\"url\":\"https:\/\/forestfireprotection.com\/de\/wp-content\/uploads\/2022\/01\/L4YBlack.png\",\"contentUrl\":\"https:\/\/forestfireprotection.com\/de\/wp-content\/uploads\/2022\/01\/L4YBlack.png\",\"width\":249,\"height\":249},{\"@type\":\"BreadcrumbList\",\"@id\":\"https:\/\/forestfireprotection.com\/de\/kontakt\/#breadcrumb\",\"itemListElement\":[{\"@type\":\"ListItem\",\"position\":1,\"name\":\"Home\",\"item\":\"https:\/\/forestfireprotection.com\/de\/\"},{\"@type\":\"ListItem\",\"position\":2,\"name\":\"Kontakt\"}]},{\"@type\":\"WebSite\",\"@id\":\"https:\/\/forestfireprotection.com\/de\/#website\",\"url\":\"https:\/\/forestfireprotection.com\/de\/\",\"name\":\"Waldbrandschutz\",\"description\":\"Waldbrandschutz: Selbstschutz gegen Waldbr\u00e4nde\",\"potentialAction\":[{\"@type\":\"SearchAction\",\"target\":{\"@type\":\"EntryPoint\",\"urlTemplate\":\"https:\/\/forestfireprotection.com\/de\/?s={search_term_string}\"},\"query-input\":\"required name=search_term_string\"}],\"inLanguage\":\"de\"}]}<\/script>\n<!-- \/ Yoast SEO plugin. -->","yoast_head_json":{"title":"Kontakt - Waldbrandschutz","robots":{"index":"index","follow":"follow","max-snippet":"max-snippet:-1","max-image-preview":"max-image-preview:large","max-video-preview":"max-video-preview:-1"},"canonical":"https:\/\/forestfireprotection.com\/de\/kontakt\/","og_locale":"de_DE","og_type":"article","og_title":"Kontakt - Waldbrandschutz","og_description":"L4Y Learning For Youth GmbH ist der Koordinator von \u201cTraining for self-protection against forest fires in rural areas\u201dmit der Projektnummer&nbsp;2021-1-DE02-KA220-ADU-000028430. L4Y Learning For Youth GmbHIn...","og_url":"https:\/\/forestfireprotection.com\/de\/kontakt\/","og_site_name":"Waldbrandschutz","article_modified_time":"2022-02-14T19:46:45+00:00","og_image":[{"url":"https:\/\/forestfireprotection.com\/de\/wp-content\/uploads\/2022\/01\/L4YBlack.png"}],"twitter_card":"summary_large_image","twitter_misc":{"Gesch\u00e4tzte Lesezeit":"1\u00a0Minute"},"schema":{"@context":"https:\/\/schema.org","@graph":[{"@type":"WebPage","@id":"https:\/\/forestfireprotection.com\/de\/kontakt\/","url":"https:\/\/forestfireprotection.com\/de\/kontakt\/","name":"Kontakt - Waldbrandschutz","isPartOf":{"@id":"https:\/\/forestfireprotection.com\/de\/#website"},"primaryImageOfPage":{"@id":"https:\/\/forestfireprotection.com\/de\/kontakt\/#primaryimage"},"image":{"@id":"https:\/\/forestfireprotection.com\/de\/kontakt\/#primaryimage"},"thumbnailUrl":"https:\/\/forestfireprotection.com\/de\/wp-content\/uploads\/2022\/01\/L4YBlack.png","datePublished":"2019-07-25T00:52:35+00:00","dateModified":"2022-02-14T19:46:45+00:00","breadcrumb":{"@id":"https:\/\/forestfireprotection.com\/de\/kontakt\/#breadcrumb"},"inLanguage":"de","potentialAction":[{"@type":"ReadAction","target":["https:\/\/forestfireprotection.com\/de\/kontakt\/"]}]},{"@type":"ImageObject","inLanguage":"de","@id":"https:\/\/forestfireprotection.com\/de\/kontakt\/#primaryimage","url":"https:\/\/forestfireprotection.com\/de\/wp-content\/uploads\/2022\/01\/L4YBlack.png","contentUrl":"https:\/\/forestfireprotection.com\/de\/wp-content\/uploads\/2022\/01\/L4YBlack.png","width":249,"height":249},{"@type":"BreadcrumbList","@id":"https:\/\/forestfireprotection.com\/de\/kontakt\/#breadcrumb","itemListElement":[{"@type":"ListItem","position":1,"name":"Home","item":"https:\/\/forestfireprotection.com\/de\/"},{"@type":"ListItem","position":2,"name":"Kontakt"}]},{"@type":"WebSite","@id":"https:\/\/forestfireprotection.com\/de\/#website","url":"https:\/\/forestfireprotection.com\/de\/","name":"Waldbrandschutz","description":"Waldbrandschutz: Selbstschutz gegen Waldbr\u00e4nde","potentialAction":[{"@type":"SearchAction","target":{"@type":"EntryPoint","urlTemplate":"https:\/\/forestfireprotection.com\/de\/?s={search_term_string}"},"query-input":"required name=search_term_string"}],"inLanguage":"de"}]}},"_links":{"self":[{"href":"https:\/\/forestfireprotection.com\/de\/wp-json\/wp\/v2\/pages\/43","targetHints":{"allow":["GET"]}}],"collection":[{"href":"https:\/\/forestfireprotection.com\/de\/wp-json\/wp\/v2\/pages"}],"about":[{"href":"https:\/\/forestfireprotection.com\/de\/wp-json\/wp\/v2\/types\/page"}],"author":[{"embeddable":true,"href":"https:\/\/forestfireprotection.com\/de\/wp-json\/wp\/v2\/users\/1"}],"replies":[{"embeddable":true,"href":"https:\/\/forestfireprotection.com\/de\/wp-json\/wp\/v2\/comments?post=43"}],"version-history":[{"count":4,"href":"https:\/\/forestfireprotection.com\/de\/wp-json\/wp\/v2\/pages\/43\/revisions"}],"predecessor-version":[{"id":938,"href":"https:\/\/forestfireprotection.com\/de\/wp-json\/wp\/v2\/pages\/43\/revisions\/938"}],"wp:attachment":[{"href":"https:\/\/forestfireprotection.com\/de\/wp-json\/wp\/v2\/media?parent=43"}],"curies":[{"name":"wp","href":"https:\/\/api.w.org\/{rel}","templated":true}]}}

<p>L4Y Learning For Youth GmbH ist der Koordinator von <strong>“Training for self-protection against forest fires in rural areas”</strong>mit der Projektnummer&nbsp;<strong>2021-1-DE02-KA220-ADU-000028430</strong>.</p>



<div class="wp-block-media-text alignwide is-stacked-on-mobile" style="grid-template-columns:18% auto"><figure class="wp-block-media-text__media"><a href="http://bosev.org/iletisim/" target="_blank" rel="noopener"><img decoding="async" width="249" height="249" src="https://forestfireprotection.com/de/wp-content/themes/veen/assets/images/transparent.gif" data-lazy="true" data-src="https://forestfireprotection.com/de/wp-content/uploads/2022/01/L4YBlack.png" alt="" class="wp-image-879 size-full" data-srcset="https://forestfireprotection.com/de/wp-content/uploads/2022/01/L4YBlack.png 249w, https://forestfireprotection.com/de/wp-content/uploads/2022/01/L4YBlack-150x150.png 150w, https://forestfireprotection.com/de/wp-content/uploads/2022/01/L4YBlack-100x100.png 100w, https://forestfireprotection.com/de/wp-content/uploads/2022/01/L4YBlack-120x120.png 120w" data-sizes="(max-width: 249px) 100vw, 249px" /></a></figure><div class="wp-block-media-text__content">
<p>L4Y Learning For Youth GmbH<br>In den Tannen 2<br>66953 Pirmasens / Germany<br><strong>+49 1511 967 1336</strong><a href="http://bosev.org" target="_blank" rel="noreferrer noopener nofollow"><br></a><a href="https://www.linkedin.com/in/bosev-370341178/" target="_blank" rel="noreferrer noopener nofollow"><meta charset="utf-8"></a><a href="https://learningforyouth.com" target="_blank" rel="noreferrer noopener nofollow">Web</a> &#8211; <a href="https://www.facebook.com/Learning4Youth" target="_blank" rel="noreferrer noopener nofollow">Facebook</a> &#8211; <a href="https://twitter.com/learning4youth" target="_blank" rel="noreferrer noopener nofollow">Twitter</a> &#8211; <a href="https://instagram.com/learning4youth" target="_blank" rel="noreferrer noopener nofollow">Instagram</a> &#8211; <a href="https://www.youtube.com/channel/UCre-KOaa9c-s1M5bX6URv-g" target="_blank" rel="noreferrer noopener nofollow">Youtube</a></p>
</div></div>



<div class="wp-block-media-text alignwide is-stacked-on-mobile"><figure class="wp-block-media-text__media"><img decoding="async" width="1024" height="215" src="https://forestfireprotection.com/de/wp-content/themes/veen/assets/images/transparent.gif" data-lazy="true" data-src="https://forestfireprotection.com/de/wp-content/uploads/2022/02/DE-Kofinanziert-von-der-Europ„ischen-Union_POS-1024x215.png" alt="" class="wp-image-935 size-full" data-srcset="https://forestfireprotection.com/de/wp-content/uploads/2022/02/DE-Kofinanziert-von-der-Europ„ischen-Union_POS-1024x215.png 1024w, https://forestfireprotection.com/de/wp-content/uploads/2022/02/DE-Kofinanziert-von-der-Europ„ischen-Union_POS-300x63.png 300w, https://forestfireprotection.com/de/wp-content/uploads/2022/02/DE-Kofinanziert-von-der-Europ„ischen-Union_POS-768x161.png 768w, https://forestfireprotection.com/de/wp-content/uploads/2022/02/DE-Kofinanziert-von-der-Europ„ischen-Union_POS-1536x322.png 1536w, https://forestfireprotection.com/de/wp-content/uploads/2022/02/DE-Kofinanziert-von-der-Europ„ischen-Union_POS-2048x430.png 2048w, https://forestfireprotection.com/de/wp-content/uploads/2022/02/DE-Kofinanziert-von-der-Europ„ischen-Union_POS-100x21.png 100w, https://forestfireprotection.com/de/wp-content/uploads/2022/02/DE-Kofinanziert-von-der-Europ„ischen-Union_POS-700x147.png 700w, https://forestfireprotection.com/de/wp-content/uploads/2022/02/DE-Kofinanziert-von-der-Europ„ischen-Union_POS-1600x336.png 1600w" data-sizes="(max-width: 1024px) 100vw, 1024px" /></figure><div class="wp-block-media-text__content">
<blockquote class="wp-block-quote is-layout-flow wp-block-quote-is-layout-flow"><p>Die Unterstützung der Europäischen Kommission für die Erstellung dieses Inhalts stellt keine Billigung des Inhalts dar, der ausschließlich die Meinung der Autoren wiedergibt, und die Kommission kann nicht für die Verwendung der darin enthaltenen Informationen verantwortlich gemacht werden.</p><cite><a href="https://erasmus-plus.ec.europa.eu/" target="_blank" rel="noreferrer noopener">Erasmus+</a></cite></blockquote>
</div></div>

<!-- This site is optimized with the Yoast SEO plugin v22.3 - https://yoast.com/wordpress/plugins/seo/ -->
<title>Kontakt - Waldbrandschutz</title>
<meta name="robots" content="index, follow, max-snippet:-1, max-image-preview:large, max-video-preview:-1" />
<link rel="canonical" href="https://forestfireprotection.com/de/kontakt/" />
<meta property="og:locale" content="de_DE" />
<meta property="og:type" content="article" />
<meta property="og:title" content="Kontakt - Waldbrandschutz" />
<meta property="og:description" content="L4Y Learning For Youth GmbH ist der Koordinator von “Training for self-protection against forest fires in rural areas”mit der Projektnummer&nbsp;2021-1-DE02-KA220-ADU-000028430. L4Y Learning For Youth GmbHIn..." />
<meta property="og:url" content="https://forestfireprotection.com/de/kontakt/" />
<meta property="og:site_name" content="Waldbrandschutz" />
<meta property="article:modified_time" content="2022-02-14T19:46:45+00:00" />
<meta property="og:image" content="https://forestfireprotection.com/de/wp-content/uploads/2022/01/L4YBlack.png" />
<meta name="twitter:card" content="summary_large_image" />
<meta name="twitter:label1" content="Geschätzte Lesezeit" />
	<meta name="twitter:data1" content="1 Minute" />
<script type="application/ld+json" class="yoast-schema-graph">{"@context":"https://schema.org","@graph":[{"@type":"WebPage","@id":"https://forestfireprotection.com/de/kontakt/","url":"https://forestfireprotection.com/de/kontakt/","name":"Kontakt - Waldbrandschutz","isPartOf":{"@id":"https://forestfireprotection.com/de/#website"},"primaryImageOfPage":{"@id":"https://forestfireprotection.com/de/kontakt/#primaryimage"},"image":{"@id":"https://forestfireprotection.com/de/kontakt/#primaryimage"},"thumbnailUrl":"https://forestfireprotection.com/de/wp-content/uploads/2022/01/L4YBlack.png","datePublished":"2019-07-25T00:52:35+00:00","dateModified":"2022-02-14T19:46:45+00:00","breadcrumb":{"@id":"https://forestfireprotection.com/de/kontakt/#breadcrumb"},"inLanguage":"de","potentialAction":[{"@type":"ReadAction","target":["https://forestfireprotection.com/de/kontakt/"]}]},{"@type":"ImageObject","inLanguage":"de","@id":"https://forestfireprotection.com/de/kontakt/#primaryimage","url":"https://forestfireprotection.com/de/wp-content/uploads/2022/01/L4YBlack.png","contentUrl":"https://forestfireprotection.com/de/wp-content/uploads/2022/01/L4YBlack.png","width":249,"height":249},{"@type":"BreadcrumbList","@id":"https://forestfireprotection.com/de/kontakt/#breadcrumb","itemListElement":[{"@type":"ListItem","position":1,"name":"Home","item":"https://forestfireprotection.com/de/"},{"@type":"ListItem","position":2,"name":"Kontakt"}]},{"@type":"WebSite","@id":"https://forestfireprotection.com/de/#website","url":"https://forestfireprotection.com/de/","name":"Waldbrandschutz","description":"Waldbrandschutz: Selbstschutz gegen Waldbrände","potentialAction":[{"@type":"SearchAction","target":{"@type":"EntryPoint","urlTemplate":"https://forestfireprotection.com/de/?s={search_term_string}"},"query-input":"required name=search_term_string"}],"inLanguage":"de"}]}</script>
<!-- / Yoast SEO plugin. -->

Waldbrandschutz: Selbstschutz gegen Waldbrände
